{"id":2316,"date":"2019-03-22T12:09:05","date_gmt":"2019-03-22T10:09:05","guid":{"rendered":"http:\/\/www.tabutbstudio.com\/?page_id=2316"},"modified":"2025-11-15T01:46:23","modified_gmt":"2025-11-14T23:46:23","slug":"musikunterricht","status":"publish","type":"page","link":"https:\/\/tabutbstudio.com\/?page_id=2316","title":{"rendered":"Musikunterricht"},"content":{"rendered":"<div id=\"pl-2316\"  class=\"panel-layout\" ><div id=\"pg-2316-0\"  class=\"panel-grid panel-no-style\" ><div id=\"pgc-2316-0-0\"  class=\"panel-grid-cell\" ><div id=\"panel-2316-0-0-0\" class=\"so-panel widget widget_sow-editor panel-first-child panel-last-child\" data-index=\"0\" ><div class=\"panel-widget-style panel-widget-style-for-2316-0-0-0\" ><div\n\t\t\t\n\t\t\tclass=\"so-widget-sow-editor so-widget-sow-editor-base\"\n\t\t\t\n\t\t>\n<div class=\"siteorigin-widget-tinymce textwidget\">\n\t<h6 align=\"CENTER\"><span style=\"color: #990000;\"><span style=\"font-family: Tahoma, sans-serif;\"><span style=\"font-size: 300%;\"><span style=\"font-family: Matura MT Script Capitals, cursive;\"><span style=\"font-size: xx-large;\">Musikunterricht bei Tatjana Bulava <\/span><\/span><\/span><\/span><\/span><\/h6>\n<h6 style=\"text-align: center;\" align=\"CENTER\"><span style=\"color: #990000;\"><span style=\"font-family: Tahoma, sans-serif;\"><span style=\"font-size: 300%;\"><span style=\"font-family: Matura MT Script Capitals, cursive;\"><span style=\"font-size: xx-large;\">Akkordeon &amp; Klavier\u00a0<\/span><\/span><\/span><\/span><\/span><\/h6>\n<h4 style=\"text-align: center;\"><strong><span style=\"font-family: Raleway, sans-serif;\"><span style=\"font-size: large;\">Unterrichtsform: <\/span><\/span><\/strong><strong><span style=\"font-family: Raleway, sans-serif;\"><span style=\"font-size: large;\">Im Studio, als Hausbesuch <\/span><\/span><\/strong><strong><span style=\"font-family: Raleway, sans-serif;\"><span style=\"font-size: large;\">oder als Online-Unterricht <\/span><\/span><\/strong><\/h4>\n<ul>\n<li style=\"text-align: left;\"><strong><span style=\"font-family: Raleway, sans-serif;\"><span style=\"font-size: large;\">Marianna Volkova (Geige)\u00a0 Informationen zum Unterrichtskonzept und zu den Preisen finden Sie auf <a href=\"https:\/\/www.violinunterricht-hannover.de\/\">der Website\u00a0\u00a0<\/a><\/span><\/span><\/strong><strong><span style=\"font-family: Raleway, sans-serif;\"><span style=\"font-size: large;\"> https:\/\/www.violinunterricht-hannover.de\/\u00a0 0179- 704 93 24 <\/span><\/span><\/strong><\/li>\n<li style=\"text-align: left;\"><strong><span style=\"font-family: Raleway, sans-serif;\"><span style=\"font-size: large;\">Christian Rosenkranz (Gitarre) <\/span><\/span><\/strong><strong style=\"font-family: Raleway, sans-serif; font-size: 20px;\"><span style=\"font-family: Raleway, sans-serif;\"><span style=\"font-size: large;\">Informationen zum Unterrichtskonzept und zu den Preisen\u00a0 <\/span><\/span><\/strong><strong><span style=\"font-family: Raleway, sans-serif;\"><span style=\"font-size: large;\">0151 - 204 24 52\u00a0 gitarreundbass@gmx.de<\/span><\/span><\/strong><\/li>\n<\/ul>\n<pre style=\"text-align: right;\"><strong><span style=\"font-family: Raleway, sans-serif;\"><span style=\"font-size: large;\">Studio of Art\u00a0 \u00a0\u00a0<\/span><\/span><\/strong><strong><span style=\"font-family: Raleway, sans-serif;\"><span style=\"font-size: large;\">Hirtenweg 26\u00a0 <\/span><\/span><\/strong>\n<strong><span style=\"font-family: Raleway, sans-serif;\"><span style=\"font-size: large;\">30163 Hannover <\/span><\/span><\/strong>\n<strong><span style=\"font-family: Raleway, sans-serif;\"><span style=\"font-size: large;\">0511-546 11 444 <\/span><\/span><\/strong>\n<strong><span style=\"font-family: Raleway, sans-serif;\"><span style=\"font-size: large;\">0179 - 39 39 014<\/span><\/span><\/strong>\n\n<img loading=\"lazy\" decoding=\"async\" class=\"wp-image-2673 alignright\" src=\"http:\/\/www.tabutbstudio.com\/wp-content\/uploads\/2019\/07\/Bildschirminhalt-erfassen-3-300x300.jpg\" alt=\"\" width=\"132\" height=\"132\" srcset=\"https:\/\/tabutbstudio.com\/wp-content\/uploads\/2019\/07\/Bildschirminhalt-erfassen-3-300x301.jpg 300w, https:\/\/tabutbstudio.com\/wp-content\/uploads\/2019\/07\/Bildschirminhalt-erfassen-3-150x150.jpg 150w, https:\/\/tabutbstudio.com\/wp-content\/uploads\/2019\/07\/Bildschirminhalt-erfassen-3-450x452.jpg 450w, https:\/\/tabutbstudio.com\/wp-content\/uploads\/2019\/07\/Bildschirminhalt-erfassen-3.jpg 645w\" sizes=\"(max-width: 132px) 100vw, 132px\" \/>\n\n\n<\/pre>\n<p><span style=\"font-family: TimesNewRomanPSMT, serif;\"><span style=\"font-size: medium;\"><strong>AKKORDEON: KNOPF - UND TASTENGRIFF\u00a0<\/strong><\/span><\/span><\/p>\n<p style=\"text-align: center;\"><span style=\"color: #000000;\"><span style=\"font-family: CenturySchoolbook;\"><span style=\"font-size: medium;\"><img loading=\"lazy\" decoding=\"async\" class=\"size-medium wp-image-3350 alignleft\" src=\"http:\/\/www.tabutbstudio.com\/wp-content\/uploads\/2020\/05\/20200513_121707-225x300.jpg\" alt=\"\" width=\"225\" height=\"300\" srcset=\"https:\/\/tabutbstudio.com\/wp-content\/uploads\/2020\/05\/20200513_121707-225x300.jpg 225w, https:\/\/tabutbstudio.com\/wp-content\/uploads\/2020\/05\/20200513_121707-768x1024.jpg 768w, https:\/\/tabutbstudio.com\/wp-content\/uploads\/2020\/05\/20200513_121707-300x400.jpg 300w, https:\/\/tabutbstudio.com\/wp-content\/uploads\/2020\/05\/20200513_121707-450x600.jpg 450w\" sizes=\"(max-width: 225px) 100vw, 225px\" \/><span style=\"color: #000066;\"><span style=\"font-family: CenturySchoolbook-BoldItalic;\"><i>\u00a0\u00a0<img loading=\"lazy\" decoding=\"async\" class=\"alignnone wp-image-3348\" src=\"http:\/\/www.tabutbstudio.com\/wp-content\/uploads\/2020\/05\/20200422_175102-225x300.jpg\" alt=\"\" width=\"231\" height=\"308\" srcset=\"https:\/\/tabutbstudio.com\/wp-content\/uploads\/2020\/05\/20200422_175102-225x300.jpg 225w, https:\/\/tabutbstudio.com\/wp-content\/uploads\/2020\/05\/20200422_175102-768x1024.jpg 768w, https:\/\/tabutbstudio.com\/wp-content\/uploads\/2020\/05\/20200422_175102-300x400.jpg 300w, https:\/\/tabutbstudio.com\/wp-content\/uploads\/2020\/05\/20200422_175102-450x600.jpg 450w\" sizes=\"(max-width: 231px) 100vw, 231px\" \/>\u00a0 \u00a0\u00a0<img loading=\"lazy\" decoding=\"async\" class=\" wp-image-3349 alignright\" src=\"http:\/\/www.tabutbstudio.com\/wp-content\/uploads\/2020\/05\/20200512_211941-225x300.jpg\" alt=\"\" width=\"233\" height=\"311\" srcset=\"https:\/\/tabutbstudio.com\/wp-content\/uploads\/2020\/05\/20200512_211941-225x300.jpg 225w, https:\/\/tabutbstudio.com\/wp-content\/uploads\/2020\/05\/20200512_211941-768x1024.jpg 768w, https:\/\/tabutbstudio.com\/wp-content\/uploads\/2020\/05\/20200512_211941-300x400.jpg 300w, https:\/\/tabutbstudio.com\/wp-content\/uploads\/2020\/05\/20200512_211941-450x600.jpg 450w\" sizes=\"(max-width: 233px) 100vw, 233px\" \/><\/i><\/span><\/span><\/span><\/span><\/span><\/p>\n<p><strong style=\"font-size: medium;\">je nach individueller Eignung, abwechslungsreich und kreativ. <\/strong><\/p>\n<p><strong style=\"font-size: medium;\">Klavierunterricht<\/strong><span style=\"font-family: TimesNewRomanPSMT, serif;\"><span style=\"font-size: medium;\"><strong><br \/>\n<\/strong><\/span><\/span><\/p>\n<p style=\"font-family: Lato, sans-serif; font-size: 15px; font-style: normal; font-weight: 300;\"><img loading=\"lazy\" decoding=\"async\" class=\"size-medium wp-image-2428 alignleft\" src=\"http:\/\/www.tabutbstudio.com\/wp-content\/uploads\/2019\/05\/20160805_180230-169x300.jpg\" alt=\"\" width=\"169\" height=\"300\" srcset=\"https:\/\/tabutbstudio.com\/wp-content\/uploads\/2019\/05\/20160805_180230-169x300.jpg 169w, https:\/\/tabutbstudio.com\/wp-content\/uploads\/2019\/05\/20160805_180230-768x1365.jpg 768w, https:\/\/tabutbstudio.com\/wp-content\/uploads\/2019\/05\/20160805_180230-576x1024.jpg 576w, https:\/\/tabutbstudio.com\/wp-content\/uploads\/2019\/05\/20160805_180230-300x533.jpg 300w, https:\/\/tabutbstudio.com\/wp-content\/uploads\/2019\/05\/20160805_180230-450x800.jpg 450w, https:\/\/tabutbstudio.com\/wp-content\/uploads\/2019\/05\/20160805_180230.jpg 1836w\" sizes=\"(max-width: 169px) 100vw, 169px\" \/><\/p>\n<p>&nbsp;<\/p>\n<p><span style=\"font-family: TimesNewRomanPSMT, serif;\"><span style=\"font-size: medium;\"><b style=\"font-family: TimesNewRomanPSMT, serif; font-size: medium;\">F\u00fcr Kinder und Erwachsene, Anf\u00e4nger und Fortgeschrittene.\u00a0<\/b><\/span><\/span><\/p>\n<p><span style=\"font-family: TimesNewRomanPSMT, serif;\"><span style=\"font-size: medium;\"><strong>Altersstufe von 5 bis 95.<\/strong><br \/>\n<strong>In einer p\u00e4dagogisch angelegten, aber doch humorvollen Spielhandlung.<\/strong><br \/>\n<strong>Beim Bedarf: Vorbereitung auf das Studium, Pr\u00fcfung, Wettbewerb.<\/strong><\/span><\/span><\/p>\n<p><\/p>\n<h6><\/h6>\n<\/div>\n<\/div><\/div><\/div><\/div><\/div><div id=\"pg-2316-1\"  class=\"panel-grid panel-no-style\" ><div id=\"pgc-2316-1-0\"  class=\"panel-grid-cell\" ><div id=\"panel-2316-1-0-0\" class=\"so-panel widget widget_sow-editor panel-first-child\" data-index=\"1\" ><div\n\t\t\t\n\t\t\tclass=\"so-widget-sow-editor so-widget-sow-editor-base\"\n\t\t\t\n\t\t>\n<div class=\"siteorigin-widget-tinymce textwidget\">\n\t<\/div>\n<\/div><\/div><div id=\"panel-2316-1-0-1\" class=\"so-panel widget widget_sow-editor\" data-index=\"2\" ><div\n\t\t\t\n\t\t\tclass=\"so-widget-sow-editor so-widget-sow-editor-base\"\n\t\t\t\n\t\t>\n<div class=\"siteorigin-widget-tinymce textwidget\">\n\t<\/div>\n<\/div><\/div><div id=\"panel-2316-1-0-2\" class=\"so-panel widget widget_sow-editor panel-last-child\" data-index=\"3\" ><div\n\t\t\t\n\t\t\tclass=\"so-widget-sow-editor so-widget-sow-editor-base\"\n\t\t\t\n\t\t>\n<div class=\"siteorigin-widget-tinymce textwidget\">\n\t<p><img loading=\"lazy\" decoding=\"async\" class=\"wp-image-3695 alignleft\" src=\"http:\/\/www.tabutbstudio.com\/wp-content\/uploads\/2021\/02\/20200718_174304-300x225.jpg\" alt=\"\" width=\"362\" height=\"272\" srcset=\"https:\/\/tabutbstudio.com\/wp-content\/uploads\/2021\/02\/20200718_174304-300x225.jpg 300w, https:\/\/tabutbstudio.com\/wp-content\/uploads\/2021\/02\/20200718_174304-768x576.jpg 768w, https:\/\/tabutbstudio.com\/wp-content\/uploads\/2021\/02\/20200718_174304-1024x768.jpg 1024w, https:\/\/tabutbstudio.com\/wp-content\/uploads\/2021\/02\/20200718_174304-450x338.jpg 450w\" sizes=\"(max-width: 362px) 100vw, 362px\" \/><img loading=\"lazy\" decoding=\"async\" class=\"alignnone  wp-image-3697 alignright\" src=\"http:\/\/www.tabutbstudio.com\/wp-content\/uploads\/2021\/02\/20201017_180304-300x225.jpg\" alt=\"\" width=\"357\" height=\"268\" srcset=\"https:\/\/tabutbstudio.com\/wp-content\/uploads\/2021\/02\/20201017_180304-300x225.jpg 300w, https:\/\/tabutbstudio.com\/wp-content\/uploads\/2021\/02\/20201017_180304-768x576.jpg 768w, https:\/\/tabutbstudio.com\/wp-content\/uploads\/2021\/02\/20201017_180304-1024x768.jpg 1024w, https:\/\/tabutbstudio.com\/wp-content\/uploads\/2021\/02\/20201017_180304-450x338.jpg 450w\" sizes=\"(max-width: 357px) 100vw, 357px\" \/><\/p>\n<\/div>\n<\/div><\/div><\/div><\/div><div id=\"pg-2316-2\"  class=\"panel-grid panel-no-style\" ><div id=\"pgc-2316-2-0\"  class=\"panel-grid-cell\" ><div id=\"panel-2316-2-0-0\" class=\"so-panel widget widget_sow-editor panel-first-child panel-last-child\" data-index=\"4\" ><div\n\t\t\t\n\t\t\tclass=\"so-widget-sow-editor so-widget-sow-editor-base\"\n\t\t\t\n\t\t>\n<div class=\"siteorigin-widget-tinymce textwidget\">\n\t<p><span style=\"font-family: Muli, sans-serif;\"><b>START-PAKET F\u00dcR ANF\u00c4NGER <\/b><\/span><\/p>\n<ul>\n<li><span style=\"color: #333333;\"><span style=\"font-family: Muli, sans-serif;\"><span style=\"font-size: small;\">Sie k\u00f6nnen ein Musikinstrument\u00a0nicht nur kaufen, sondern <strong>auch mieten\u00a0<\/strong><\/span><\/span><\/span><\/li>\n<li><span style=\"color: #333333;\"><span style=\"font-family: Muli, sans-serif;\"><span style=\"font-size: small;\">Ein toller Einstieg in ihr\u00a0neues Hobby!\u00a0<\/span><\/span><\/span><\/li>\n<li class=\"western\"><strong><span style=\"color: #232221;\"><span style=\"font-family: Muli, sans-serif;\"><b><a href=\"https:\/\/www.musimiet.de\/\">Musimiet<\/a> : f\u00fcr jeden das passende Instrument <\/b><\/span><\/span><\/strong><\/li>\n<li class=\"western\"><b><\/b><span style=\"font-family: Muli, sans-serif;\"><span style=\"color: #0b0a0a;\"><span style=\"font-size: small;\"><b>Telefon (0511) 31 22 96\u00a0 \u00a0\u00a0<\/b><\/span><\/span><\/span><span style=\"font-family: Muli, sans-serif;\"><span style=\"color: #0b0a0a;\"><span style=\"font-size: small;\">Inh.Hajo Lehmann info@musimiet.de<\/span><\/span>\u00a0 \/\u00a0<\/span><span style=\"font-family: Muli, sans-serif;\"><span style=\"color: #0b0a0a;\"><span style=\"font-size: small;\">D\u00f6rnbergstra\u00dfe 6 30161 Hannover<\/span><\/span><\/span><\/li>\n<\/ul>\n<\/div>\n<\/div><\/div><\/div><\/div><div id=\"pg-2316-3\"  class=\"panel-grid panel-no-style\" ><div id=\"pgc-2316-3-0\"  class=\"panel-grid-cell\" ><div id=\"panel-2316-3-0-0\" class=\"so-panel widget widget_sow-editor panel-first-child panel-last-child\" data-index=\"5\" ><div\n\t\t\t\n\t\t\tclass=\"so-widget-sow-editor so-widget-sow-editor-base\"\n\t\t\t\n\t\t>\n<div class=\"siteorigin-widget-tinymce textwidget\">\n\t<p><img loading=\"lazy\" decoding=\"async\" class=\"alignnone size-medium wp-image-2427\" style=\"font-style: inherit;\" src=\"http:\/\/www.tabutbstudio.com\/wp-content\/uploads\/2019\/05\/20160423_153718-1-300x225.jpg\" alt=\"\" width=\"300\" height=\"225\" srcset=\"https:\/\/tabutbstudio.com\/wp-content\/uploads\/2019\/05\/20160423_153718-1-300x225.jpg 300w, https:\/\/tabutbstudio.com\/wp-content\/uploads\/2019\/05\/20160423_153718-1-768x577.jpg 768w, https:\/\/tabutbstudio.com\/wp-content\/uploads\/2019\/05\/20160423_153718-1-1024x769.jpg 1024w, https:\/\/tabutbstudio.com\/wp-content\/uploads\/2019\/05\/20160423_153718-1-450x338.jpg 450w\" sizes=\"(max-width: 300px) 100vw, 300px\" \/><\/p>\n<\/div>\n<\/div><\/div><\/div><div id=\"pgc-2316-3-1\"  class=\"panel-grid-cell\" ><div id=\"panel-2316-3-1-0\" class=\"so-panel widget widget_sow-editor panel-first-child panel-last-child\" data-index=\"6\" ><div\n\t\t\t\n\t\t\tclass=\"so-widget-sow-editor so-widget-sow-editor-base\"\n\t\t\t\n\t\t>\n<div class=\"siteorigin-widget-tinymce textwidget\">\n\t<p><img loading=\"lazy\" decoding=\"async\" class=\"size-medium wp-image-2434 alignright\" src=\"http:\/\/www.tabutbstudio.com\/wp-content\/uploads\/2019\/05\/20170606_162340-169x300.jpg\" alt=\"\" width=\"169\" height=\"300\" srcset=\"https:\/\/tabutbstudio.com\/wp-content\/uploads\/2019\/05\/20170606_162340-169x300.jpg 169w, https:\/\/tabutbstudio.com\/wp-content\/uploads\/2019\/05\/20170606_162340-768x1365.jpg 768w, https:\/\/tabutbstudio.com\/wp-content\/uploads\/2019\/05\/20170606_162340-576x1024.jpg 576w, https:\/\/tabutbstudio.com\/wp-content\/uploads\/2019\/05\/20170606_162340-300x533.jpg 300w, https:\/\/tabutbstudio.com\/wp-content\/uploads\/2019\/05\/20170606_162340-450x800.jpg 450w, https:\/\/tabutbstudio.com\/wp-content\/uploads\/2019\/05\/20170606_162340.jpg 1836w\" sizes=\"(max-width: 169px) 100vw, 169px\" \/><\/p>\n<\/div>\n<\/div><\/div><\/div><\/div><div id=\"pg-2316-4\"  class=\"panel-grid panel-no-style\" ><div id=\"pgc-2316-4-0\"  class=\"panel-grid-cell\" ><div id=\"panel-2316-4-0-0\" class=\"so-panel widget widget_sow-editor panel-first-child panel-last-child\" data-index=\"7\" ><div class=\"panel-widget-style panel-widget-style-for-2316-4-0-0\" ><div\n\t\t\t\n\t\t\tclass=\"so-widget-sow-editor so-widget-sow-editor-base\"\n\t\t\t\n\t\t>\n<div class=\"siteorigin-widget-tinymce textwidget\">\n\t<p><strong>\u201e\u00fcberaus empfehlenswert! frau tatjana bulavas liebe zur musik ist ausnahmslos in jeder unterrichtsstunde deutlich sp\u00fcrbar. ihre au\u00dfergew\u00f6hnliche bef\u00e4higung, komplexe sachverhalte anschaulich und nachvollziebar auch dem musik-unerfahrenen vermitteln zu k\u00f6nnen, ist meiner meinung nach einzigartig. somit erg\u00e4nzen ihre didaktischen und p\u00e4dagogischen f\u00e4higkeiten ihre kompetenz in sachen musik auf eine ganz wunderbare art und weise. trotz ihres eigenen h\u00f6chst anspruchsvollen k\u00f6nnens stellt sich frau bulava jederzeit sehr flexibel und wohlwollend auf das niveau und die vorlieben ihrer sch\u00fcler ein. der musikunterricht war und ist stets ein kleines ereignis, auf das ich mich immer sehr freue. die fairen preise f\u00fcr ihre klavier- oder akkordeonstunden sind auch f\u00fcr den kleinen geldbeutel ohne probleme zu bew\u00e4ltigen. erw\u00e4hnenswert w\u00e4re noch, dass ich frau bulava trotz ihres meisterhaften spiels, ihres hohen musikalischen bildungsgrades und ihrer nat\u00fcrlichen eleganz als eine sympathische, humorvolle und aufgeschlossene pers\u00f6nlichkeit kennengelernt habe.\u201c     Lutz <\/strong><\/p>\n<\/div>\n<\/div><\/div><\/div><\/div><\/div><div id=\"pg-2316-5\"  class=\"panel-grid panel-no-style\" ><div id=\"pgc-2316-5-0\"  class=\"panel-grid-cell\" ><div id=\"panel-2316-5-0-0\" class=\"so-panel widget widget_sow-editor panel-first-child panel-last-child\" data-index=\"8\" ><div\n\t\t\t\n\t\t\tclass=\"so-widget-sow-editor so-widget-sow-editor-base\"\n\t\t\t\n\t\t>\n<div class=\"siteorigin-widget-tinymce textwidget\">\n\t<p><img loading=\"lazy\" decoding=\"async\" class=\"alignnone size-medium wp-image-2455\" src=\"http:\/\/www.tabutbstudio.com\/wp-content\/uploads\/2019\/05\/20190320_125202-178x300.jpg\" alt=\"\" width=\"178\" height=\"300\" srcset=\"https:\/\/tabutbstudio.com\/wp-content\/uploads\/2019\/05\/20190320_125202-178x300.jpg 178w, https:\/\/tabutbstudio.com\/wp-content\/uploads\/2019\/05\/20190320_125202-768x1295.jpg 768w, https:\/\/tabutbstudio.com\/wp-content\/uploads\/2019\/05\/20190320_125202-607x1024.jpg 607w, https:\/\/tabutbstudio.com\/wp-content\/uploads\/2019\/05\/20190320_125202-300x506.jpg 300w, https:\/\/tabutbstudio.com\/wp-content\/uploads\/2019\/05\/20190320_125202-450x759.jpg 450w\" sizes=\"(max-width: 178px) 100vw, 178px\" \/><\/p>\n<\/div>\n<\/div><\/div><\/div><div id=\"pgc-2316-5-1\"  class=\"panel-grid-cell\" ><div id=\"panel-2316-5-1-0\" class=\"so-panel widget widget_sow-editor panel-first-child panel-last-child\" data-index=\"9\" ><div\n\t\t\t\n\t\t\tclass=\"so-widget-sow-editor so-widget-sow-editor-base\"\n\t\t\t\n\t\t>\n<div class=\"siteorigin-widget-tinymce textwidget\">\n\t<p><img loading=\"lazy\" decoding=\"async\" class=\"alignnone size-medium wp-image-2454\" src=\"http:\/\/www.tabutbstudio.com\/wp-content\/uploads\/2019\/05\/20190323_162107-300x225.jpg\" alt=\"\" width=\"300\" height=\"225\" srcset=\"https:\/\/tabutbstudio.com\/wp-content\/uploads\/2019\/05\/20190323_162107-300x225.jpg 300w, https:\/\/tabutbstudio.com\/wp-content\/uploads\/2019\/05\/20190323_162107-768x576.jpg 768w, https:\/\/tabutbstudio.com\/wp-content\/uploads\/2019\/05\/20190323_162107-1024x768.jpg 1024w, https:\/\/tabutbstudio.com\/wp-content\/uploads\/2019\/05\/20190323_162107-450x338.jpg 450w\" sizes=\"(max-width: 300px) 100vw, 300px\" \/><img loading=\"lazy\" decoding=\"async\" class=\"size-medium wp-image-2456 aligncenter\" style=\"font-style: inherit;\" src=\"http:\/\/www.tabutbstudio.com\/wp-content\/uploads\/2019\/05\/20190327_151957-225x300.jpg\" alt=\"\" width=\"225\" height=\"300\" srcset=\"https:\/\/tabutbstudio.com\/wp-content\/uploads\/2019\/05\/20190327_151957-225x300.jpg 225w, https:\/\/tabutbstudio.com\/wp-content\/uploads\/2019\/05\/20190327_151957-768x1024.jpg 768w, https:\/\/tabutbstudio.com\/wp-content\/uploads\/2019\/05\/20190327_151957-300x400.jpg 300w, https:\/\/tabutbstudio.com\/wp-content\/uploads\/2019\/05\/20190327_151957-450x600.jpg 450w\" sizes=\"(max-width: 225px) 100vw, 225px\" \/><\/p>\n<\/div>\n<\/div><\/div><\/div><div id=\"pgc-2316-5-2\"  class=\"panel-grid-cell\" ><div id=\"panel-2316-5-2-0\" class=\"so-panel widget widget_sow-editor panel-first-child panel-last-child\" data-index=\"10\" ><div\n\t\t\t\n\t\t\tclass=\"so-widget-sow-editor so-widget-sow-editor-base\"\n\t\t\t\n\t\t>\n<div class=\"siteorigin-widget-tinymce textwidget\">\n\t<p><img loading=\"lazy\" decoding=\"async\" class=\"alignnone size-medium wp-image-2453\" src=\"http:\/\/www.tabutbstudio.com\/wp-content\/uploads\/2019\/05\/20170608_164218-169x300.jpg\" alt=\"\" width=\"169\" height=\"300\" srcset=\"https:\/\/tabutbstudio.com\/wp-content\/uploads\/2019\/05\/20170608_164218-169x300.jpg 169w, https:\/\/tabutbstudio.com\/wp-content\/uploads\/2019\/05\/20170608_164218-768x1365.jpg 768w, https:\/\/tabutbstudio.com\/wp-content\/uploads\/2019\/05\/20170608_164218-576x1024.jpg 576w, https:\/\/tabutbstudio.com\/wp-content\/uploads\/2019\/05\/20170608_164218-300x533.jpg 300w, https:\/\/tabutbstudio.com\/wp-content\/uploads\/2019\/05\/20170608_164218-450x800.jpg 450w, https:\/\/tabutbstudio.com\/wp-content\/uploads\/2019\/05\/20170608_164218.jpg 1836w\" sizes=\"(max-width: 169px) 100vw, 169px\" \/><\/p>\n<\/div>\n<\/div><\/div><\/div><\/div><div id=\"pg-2316-6\"  class=\"panel-grid panel-no-style\" ><div id=\"pgc-2316-6-0\"  class=\"panel-grid-cell\" ><div id=\"panel-2316-6-0-0\" class=\"so-panel widget widget_sow-editor panel-first-child panel-last-child\" data-index=\"11\" ><div class=\"panel-widget-style panel-widget-style-for-2316-6-0-0\" ><div\n\t\t\t\n\t\t\tclass=\"so-widget-sow-editor so-widget-sow-editor-base\"\n\t\t\t\n\t\t>\n<div class=\"siteorigin-widget-tinymce textwidget\">\n\t<p align=\"LEFT\"><em>Unser Sohn hat seit zwei Jahren Musikunterricht bei Frau Bulava. Von Anfang an unterrichtet Frau Bulava unseren Sohn mit sehr viel Freude und Spa\u00df. Sie legt Wert darauf, dass der Sch\u00fcler mindestens vier bis f\u00fcnf Lieder auch ohne Noten spielen kann. Das tr\u00e4gt sehr zum Erfolgserlebnis unseres Kindes bei. Frau Bulava hilft auch bei allen Fragen zum Musikunterricht in der Schule und verhilft so zu besseren Noten im Zeugnis. Der theoretische Teil des Unterrichts erfolgt stets auf eine sehr verst\u00e4ndliche und zug\u00e4ngliche Art und Weise. Dabei flie\u00dft sehr viel Allgemeinwissen \u00fcber Musik u.v.m. und wird dadurch sehr interessant. Frau Bulava zeichnet sich durch Ihren Optimismus, ihren Engagement und Ihre einwandfreie fachliche und p\u00e4dagogische Kompetenz aus. Sie ist sprichw\u00f6rtlich eine Musiklehrerin \u201emit Leib und Seele\u201c!<\/em><\/p>\n<p><em>Olga\u00a0<\/em><\/p>\n<\/div>\n<\/div><\/div><\/div><\/div><div id=\"pgc-2316-6-1\"  class=\"panel-grid-cell\" ><div id=\"panel-2316-6-1-0\" class=\"so-panel widget widget_sow-editor panel-first-child panel-last-child\" data-index=\"12\" ><div\n\t\t\t\n\t\t\tclass=\"so-widget-sow-editor so-widget-sow-editor-base\"\n\t\t\t\n\t\t>\n<div class=\"siteorigin-widget-tinymce textwidget\">\n\t<\/div>\n<\/div><\/div><\/div><div id=\"pgc-2316-6-2\"  class=\"panel-grid-cell\" ><div id=\"panel-2316-6-2-0\" class=\"so-panel widget widget_sow-editor panel-first-child panel-last-child\" data-index=\"13\" ><div class=\"panel-widget-style panel-widget-style-for-2316-6-2-0\" ><div\n\t\t\t\n\t\t\tclass=\"so-widget-sow-editor so-widget-sow-editor-base\"\n\t\t\t\n\t\t>\n<div class=\"siteorigin-widget-tinymce textwidget\">\n\t<p><em>Ich habe seit einigen Jahren Akkordeonunterricht bei Tatjana Bulava. Das Akkordeonspielen ist in dieser Zeit zu einem wertvollen und festen Bestandteil meines Lebens geworden. In meiner Kindheit erlernte ich einige Jahre in einer Musikschule Tastenakkordeon zu spielen und war nach vielen Jahren Nichtmusizierens \u00fcberrascht, dass ich daran ankn\u00fcpfen konnte. Allerdings habe ich durch Tatjana Bulava das Akkordeonspielen noch einmal in einer Weise neu erlernt, wie ich das nie f\u00fcr m\u00f6glich gehalten h\u00e4tte. Sie selber spielen zu h\u00f6ren hat mich inspiriert und angespornt, im Rahmen meiner M\u00f6glichkeiten ebenso emotional Musik machen zu wollen und diese Emotionalit\u00e4t aus den Ausdrucksm\u00f6glichkeiten des Instrumentes zu entwickeln. Dahin ist es ein weiter Weg, aber durch ihr ungemein geduldiges und feinf\u00fchliges p\u00e4dagogisches Geschick macht es Spa\u00df auf diesem Weg zu sein und ist freudvoll. Es ist wie eine Entdeckungsreise, die mich immer mehr die Feinheiten verstehen l\u00e4sst, auf die es ankommt. Ich hatte mir vorgenommen, das Knopfakkordeonspielen zu erlernen und wurde von ihr ermutigt und bin inzwischen begeistert und \u00fcberzeugt davon. Tatjana Bulava hat die Gabe, mir in jeder Unterrichtsstunde Erkenntnisse, Morivation und ein gutes Gef\u00fchl mitzugeben. Voller Verst\u00e4ndnis, Menschlichkeit und Empathie gelingt es ihr dabei, mit h\u00f6chsten Anspruch zu unterrichten. Ich habe von ihr gelernt, dass es sich lohnt, an der Pr\u00e4zision so lange zu feilen, bis es richtig wird und das St\u00fcck auf dem Instrument zu spielen dann irgendwann leicht und zum puren Lebensgenuss wird. Ich kann mir keine bessere Lehrerin vorstellen.<\/em><\/p>\n<p><em>Claudia\u00a0<\/em><\/p>\n<\/div>\n<\/div><\/div><\/div><\/div><\/div><\/div>","protected":false},"excerpt":{"rendered":"<p>Musikunterricht bei Tatjana Bulava Akkordeon &amp; Klavier\u00a0 Unterrichtsform: Im Studio, als Hausbesuch oder als Online-Unterricht Marianna Volkova (Geige)\u00a0 Informationen zum Unterrichtskonzept und zu den Preisen finden Sie auf der Website\u00a0\u00a0 https:\/\/www.violinunterricht-hannover.de\/\u00a0 0179- 704 93 24 Christian Rosenkranz (Gitarre) Informationen zum Unterrichtskonzept und zu den Preisen\u00a0 0151 &#8211; 204 24 52\u00a0 gitarreundbass@gmx.de Studio of Art\u00a0 \u00a0\u00a0Hirtenweg <a class=\"read-more\" href=\"https:\/\/tabutbstudio.com\/?page_id=2316\">Read More<\/a><\/p>\n","protected":false},"author":1,"featured_media":0,"parent":0,"menu_order":0,"comment_status":"closed","ping_status":"closed","template":"","meta":{"footnotes":""},"class_list":["post-2316","page","type-page","status-publish","hentry"],"_links":{"self":[{"href":"https:\/\/tabutbstudio.com\/index.php?rest_route=\/wp\/v2\/pages\/2316"}],"collection":[{"href":"https:\/\/tabutbstudio.com\/index.php?rest_route=\/wp\/v2\/pages"}],"about":[{"href":"https:\/\/tabutbstudio.com\/index.php?rest_route=\/wp\/v2\/types\/page"}],"author":[{"embeddable":true,"href":"https:\/\/tabutbstudio.com\/index.php?rest_route=\/wp\/v2\/users\/1"}],"replies":[{"embeddable":true,"href":"https:\/\/tabutbstudio.com\/index.php?rest_route=%2Fwp%2Fv2%2Fcomments&post=2316"}],"version-history":[{"count":441,"href":"https:\/\/tabutbstudio.com\/index.php?rest_route=\/wp\/v2\/pages\/2316\/revisions"}],"predecessor-version":[{"id":3925,"href":"https:\/\/tabutbstudio.com\/index.php?rest_route=\/wp\/v2\/pages\/2316\/revisions\/3925"}],"wp:attachment":[{"href":"https:\/\/tabutbstudio.com\/index.php?rest_route=%2Fwp%2Fv2%2Fmedia&parent=2316"}],"curies":[{"name":"wp","href":"https:\/\/api.w.org\/{rel}","templated":true}]}}